+ 4*r + 36 = 0, 4*l - 58 + 14 = -4*r. What is the greatest common divisor of l and m?
5
Suppose 5*n - 757 = -f + 712, 0 = 5*n + 5*f - 1465. Calculate the highest common factor of n and 1659.
21
Suppose -10*h = -5*h. Let t = h - -65. Let g = 57 + -31. Calculate the greatest common factor of t and g.
13
Suppose 2*y - 5618 - 8778 = -2*b, -5*y + 3*b + 36030 = 0. What is the highest common factor of y and 147?
147
Let n(g) = 40*g**2 + 4*g - 11. Let m be n(4). What is the highest common factor of 258 and m?
129
Let f(z) = -z**2 - 66*z - 936. Let x be f(-36). Let g(o) = 2*o**2 - o + 3. Let n be g(3). Calculate the highest common factor of n and x.
18
Let z = 2366 - 1376. Suppose -4*j = 5*j - z. Calculate the greatest common factor of 44 and j.
22
Let v(u) = -u**2 + 4*u - 1. Let s be v(-10). Let i = 245 + s. Let j = i + -62. Calculate the highest common factor of 6 and j.
6
Let y(z) be the second derivative of 29/2*z**2 - 5/6*z**4 + 0 + 3/2*z**3 + 1/20*z**5 + 41*z. Let x be y(9). Calculate the greatest common divisor of 145 and x.
29
Let k be 10/(-130) + ((-1718670)/65)/(-1). Calculate the highest common divisor of 137 and k.
137
Suppose -5*o - 386 = -4*i, 5*i + o - 275 - 222 = 0. Suppose 0 = -3*x - 15, -3*g + 3*x + 87 = -i. What is the highest common divisor of 19 and g?
19
Let s be 6 + (-78)/12 - 2026/4. Let q = 754 + s. Calculate the highest common factor of q and 19.
19
Let t be ((-8)/4 + 12/18)*-114. Let h be (1/3)/(5/285). What is the greatest common factor of t and h?
19
Let r(q) = -q**2 + 7. Let a be r(-2). Suppose -113 = 7*n - 9*n + a*o, n = -2*o + 67. Calculate the highest common factor of 488 and n.
61
Let k(v) = -v**3 + 3*v**2 + 48*v + 22. Let j be k(-7). What is the greatest common factor of 1628 and j?
44
Suppose -5*i = -1333 - 11592. Calculate the greatest common factor of 47 and i.
47
Suppose 2*f + 286 = 4*f. Let o = -13527 - -13549. What is the greatest common factor of f and o?
11
Suppose -5*p + 6*p = -c + 14, -p + 5*c = -32. Let z be ((-75)/(-60))/((-2)/8). Let i be (-17)/(z/(-3) + -2). What is the greatest common factor of p and i?
17
Suppose j + 2*j - 66 = 0. Let m be -5*(-3 + 2)*j. Let q be 2304/231 + (-816)/(-31416). What is the highest common factor of m and q?
10
Suppose 5*k = -170*g + 167*g + 1166, -g = 4*k - 384. Calculate the highest common factor of g and 35.
7
Let a = 328 + -324. Suppose a*t - 4*w + 0*w = 40, -2*w = 3*t - 40. Calculate the greatest common divisor of 12 and t.
12
Let q be (-832)/1680 - (-4)/10 - (-26048)/84. Calculate the highest common divisor of 496 and q.
62
Let n = 48 + -50. Let r be 13 - (2/1 - (n + 6)). What is the greatest common divisor of 285 and r?
15
Let t = 1851 + -1283. Let l = 73 + -2. Calculate the highest common factor of t and l.
71
Let n(g) = -g**3 + 25*g**2 + 54*g + 4. Suppose -11*j + 162 = -5*j. Let r be n(j). What is the greatest common divisor of 10 and r?
2
Let s(g) = -5*g + 52. Let q be s(21). Let z be 102/(-1326) - q/13. What is the greatest common factor of 1 and z?
1
Let z be 1/4 - (-15)/4. Suppose z*m - m - 42 = 0. Let l(y) = -2*y**2 - 342*y + 372. Let k be l(-172). What is the greatest common factor of m and k?
14
Let v = 11589 - 11585. What is the highest common factor of v and 290?
2
Let q = 5881 + -5251. What is the highest common factor of q and 49?
7
Suppose -23*p + 9980 + 3598 = 39*p. Calculate the greatest common divisor of p and 3.
3
Let t(n) = 64*n + 217. Let l be t(7). What is the highest common factor of 76 and l?
19
Suppose v - 21 = 2*f - 4, 5*f - 24 = -v. Let d be -5*-5*(357/25 - 12). What is the greatest common factor of d and v?
19
Let p be 9/(-33 - -24)*(0 + -76). What is the greatest common divisor of p and 8208?
76
Let n be 251/(1/(-12) - 0). Let y be 2/8 - n/48. What is the greatest common factor of y and 7?
7
Let i(y) = -371*y**3 + 4*y**2 - 41*y - 125. Let w be i(-3). What is the highest common divisor of w and 19?
19
Let m be -8 - -4 - (2 + -6). Suppose -4*f - 3*r + 171 = 0, m = r + 2*r - 15. Let w = f + -37. What is the greatest common factor of w and 22?
2
Let v(c) = -c**2 + 50*c - 259. Let f be v(44). Suppose f*g = 3*p + 528, g + 2*p - 440 = -3*g. Let d = 15 + -6. What is the highest common factor of d and g?
9
Suppose -3*s = -h - 889 - 540, -5*h + 10 = 0. What is the greatest common factor of s and 5406?
159
Suppose 3*r - 2*r - 5 = 2*k, -5*k - 3*r - 18 = 0. Let n be -4 - (-16)/4 - (34 + k). Let f = 26 - n. Calculate the highest common divisor of f and 38.
19
Let p = 529 - 416. Let u = 153 - p. Calculate the greatest common factor of u and 340.
20
Let l = -2 + -22. Suppose -11*c + 2 = -13*c. Let u be (3/42*7)/(c/l). Calculate the highest common divisor of 60 and u.
12
Let o(x) be the first derivative of -x**4/2 - 7*x**3 - 21*x**2/2 - 11*x - 112. Let f be o(-10). Calculate the greatest common divisor of f and 165.
33
Suppose -3627 = -2*h - 3519. Let y(b) = -b**2 - 10*b + 3. Let c be y(-10). Let r be 3/(c + (-15)/6). Calculate the greatest common factor of h and r.
6
Let n(o) = -o**2 + 6*o - 5. Let g be n(5). Let b be 1*(g - -1) + 1. Suppose -3*v = -4*l + 5, 3*l - 84 = -5*v - 44. What is the highest common factor of v and b?
1
Let o = 30 + -27. Let g(c) = 10*c - 13. Let k be g(29). Suppose -12*v + 119 = -k. Calculate the greatest common divisor of v and o.
3
Let v = 20646 - 20640. Calculate the highest common divisor of v and 744.
6
Suppose 15054 = 98*b + 3588. Suppose 5*l - 50 = 2*z + 19, 4*l = -3*z + 46. What is the highest common divisor of l and b?
13
Suppose -q + 438 = 5*r, 2*q - 3*r = -q + 1350. What is the highest common divisor of 2432 and q?
64
Let a = 64 + 416. Let q = 576 - a. What is the greatest common factor of q and 160?
32
Suppose 118 = 18*y - 206. Calculate the greatest common divisor of y and 1206.
18
Suppose -2*u = 3*z - 1, 23*z - 44 = -3*u + 27*z. Calculate the greatest common factor of 23 and u.
1
Let p = 14723 + -14348. Calculate the greatest common factor of 5025 and p.
75
Let i = -76 + 185. Suppose 310 = g + 5*v, -3*v - i = -g + 233. What is the highest common factor of g and 66?
66
Suppose 44*l = -17*l + 40*l + 1248912. Calculate the greatest common divisor of 14 and l.
14
Let f = -14 + 24. Let p(g) = 2352*g + 35920. Let j be p(-15). What is the greatest common factor of j and f?
10
Let y(l) = l**3 - 91*l**2 - 175*l + 1430. Let g be y(93). Calculate the greatest common divisor of 77 and g.
11
Let z = -11109 - -11179. What is the greatest common divisor of z and 130?
10
Suppose 49*s - 332*s = -13018. What is the highest common factor of 178 and s?
2
Let u = 1143 - 703. Let i be (-478)/(-12) - (4 - (-100)/(-24)). What is the highest common divisor of i and u?
40
Let z be (-6)/4 + 3 + (-180)/(-8). Let u be 0 + 4/z + 47/6. What is the highest common factor of u and 64?
8
Let y = 149 - 143. Suppose 5*h - 19 = -g, 11*h - y*h - 3*g - 23 = 0. What is the highest common factor of 404 and h?
4
Let j be 310/34 - 10/85. Let a = j - -112. Let w be (-1)/3 + (-171)/(-27) + 5. What is the greatest common factor of w and a?
11
Suppose p = -3*u + 126, -278 = -2*p - 1005*u + 1001*u. Let f(v) = 5*v + 1. Let h be f(2). Calculate the highest common divisor of h and p.
11
Let z be 320/15*153/68. What is the greatest common divisor of 1464 and z?
24
Let t be ((-20)/(-8))/((-1)/16*-4). Suppose t = 5*y, -2*k - 2*k + 58 = y. Calculate the greatest common divisor of 10 and k.
2
Let x = -15835 - -15850. What is the greatest common divisor of 1068 and x?
3
Let g = -909 - -1544. Suppose 8*z = 5*q + 6*z - 44, 4*z = 4*q - 28. Let t be 0 + (-1)/(-2) + g/q. Calculate the greatest common divisor of 16 and t.
16
Let n(m) = m**2 + 4*m - 17. Let a be n(32). Suppose 8*f - a = 1169. Calculate the greatest common divisor of 18 and f.
18
Let t be 516/(-9)*(-24)/(-1)*17/(-34). Calculate the highest common divisor of 1075 and t.
43
Let k = 5123 + -2070. What is the highest common divisor of k and 213?
71
Let p be -72 + 111 - 4*-2. What is the greatest common divisor of 7849 and p?
47
Let f be 2/(((-10)/12)/(-5)). Let l be 4*-1*(-159)/212. Let b be l - (-2 - (5 + -6)). What is the greatest common divisor of f and b?
4
Let c = 56 + -52. Suppose -5*b = -4*d + 235, -2*d = -0*d - c*b - 116. What is the highest common divisor of 160 and d?
20
Suppose -12*y = 45 - 861. Suppose 